{"id":1623,"date":"2022-04-09T01:45:14","date_gmt":"2022-04-09T01:45:14","guid":{"rendered":"https:\/\/pinealcomunicacao.com.br\/conservacerrado\/?page_id=1623"},"modified":"2022-07-15T18:54:49","modified_gmt":"2022-07-15T18:54:49","slug":"pe-veredinha","status":"publish","type":"page","link":"https:\/\/funatura.org.br\/conservacerrado\/pe-veredinha\/","title":{"rendered":"Parque Ecol\u00f3gico Veredinha"},"content":{"rendered":"\n<div class=\"wp-block-cover is-light\"><span aria-hidden=\"true\" class=\"wp-block-cover__background has-background-dim-40 has-background-dim\"><\/span><img loading=\"lazy\" decoding=\"async\" width=\"1501\" height=\"1001\" class=\"wp-block-cover__image-background wp-image-2041\" alt=\"Parque Ecol\u00f3gico Veredinha\" src=\"https:\/\/funatura.org.br\/conservacerrado\/wp-content\/uploads\/2022\/07\/Capa-PE-Veredinha.jpg\" style=\"object-position:54% 60%\" data-object-fit=\"cover\" data-object-position=\"54% 60%\" srcset=\"https:\/\/funatura.org.br\/conservacerrado\/wp-content\/uploads\/2022\/07\/Capa-PE-Veredinha.jpg 1501w, https:\/\/funatura.org.br\/conservacerrado\/wp-content\/uploads\/2022\/07\/Capa-PE-Veredinha-300x200.jpg 300w, https:\/\/funatura.org.br\/conservacerrado\/wp-content\/uploads\/2022\/07\/Capa-PE-Veredinha-1024x683.jpg 1024w, https:\/\/funatura.org.br\/conservacerrado\/wp-content\/uploads\/2022\/07\/Capa-PE-Veredinha-768x512.jpg 768w\" sizes=\"auto, (max-width: 1501px) 100vw, 1501px\" \/><div class=\"wp-block-cover__inner-container is-layout-flow wp-block-cover-is-layout-flow\">\n<p class=\"has-text-align-center has-white-color has-text-color has-x-large-font-size\"><strong><mark style=\"background-color:rgba(0, 0, 0, 0)\" class=\"has-inline-color has-white-color\">Parque Ecol\u00f3gico Veredinha<\/mark><\/strong><\/p>\n<\/div><\/div>\n\n\n\n<div style=\"height:2rem\" aria-hidden=\"true\" class=\"wp-block-spacer\"><\/div>\n\n\n\n<p>Um dos objetivos do projeto Conserva Cerrado \u00e9 a <strong>revis\u00e3o e ajuste dos limites<\/strong> da Unidade de Conserva\u00e7\u00e3o. De acordo com a legisla\u00e7\u00e3o pertinente, todos poder\u00e3o participar da consulta p\u00fablica, que ser\u00e1 amplamente divulgada. A <strong>elabora\u00e7\u00e3o do Plano de Manejo<\/strong> da UC tamb\u00e9m \u00e9 objetivo do projeto. &nbsp;As visitas de campo j\u00e1 est\u00e3o em andamento.<\/p>\n\n\n\n<div style=\"height:3rem\" aria-hidden=\"true\" class=\"wp-block-spacer\"><\/div>\n\n\n\n<div class=\"wp-block-columns is-layout-flex wp-container-core-columns-is-layout-9d6595d7 wp-block-columns-is-layout-flex\">\n<div class=\"wp-block-column is-layout-flow wp-block-column-is-layout-flow\" style=\"flex-basis:66.66%\">\n<h2 class=\"wp-block-heading\">A\u00e7\u00f5es para esta Unidade de Conserva\u00e7\u00e3o<\/h2>\n\n\n\n<ul class=\"wp-block-list\"><li>Link para esta Unidade de Conserva\u00e7\u00e3o no Google Maps: <a href=\"https:\/\/goo.gl\/maps\/TRcUUKTFXfP8NpAF6\" target=\"_blank\" rel=\"noreferrer noopener\">https:\/\/goo.gl\/maps\/TRcUUKTFXfP8NpAF6<\/a><\/li><\/ul>\n<\/div>\n\n\n\n<div class=\"wp-block-column quadro_info is-layout-flow wp-block-column-is-layout-flow\" style=\"flex-basis:33.33%\">\n<h2 class=\"wp-block-heading\">Informa\u00e7\u00f5es<\/h2>\n\n\n\n<ul class=\"wp-block-list\"><li><strong>\u00c1rea:<\/strong> 56,22 ha<\/li><li><strong>Bacia hidrogr\u00e1fica:<\/strong> Rio Descoberto<\/li><li><strong>RA:<\/strong> Brazl\u00e2ndia<\/li><li><strong>Categoria:<\/strong> Parque Ecol\u00f3gico<\/li><li><strong>Grupo:<\/strong> Uso Sustent\u00e1vel<\/li><li><strong>Ato de cria\u00e7\u00e3o:<\/strong> Decreto N\u00ba 16.052, de 07 de Novembro de 1994<\/li><\/ul>\n<\/div>\n<\/div>\n","protected":false},"excerpt":{"rendered":"<p>Um dos objetivos do projeto Conserva Cerrado \u00e9 a revis\u00e3o e ajuste dos limites da Unidade de Conserva\u00e7\u00e3o. De acordo com a legisla\u00e7\u00e3o pertinente, todos poder\u00e3o participar da consulta p\u00fablica, &#8230;<\/p>\n","protected":false},"author":1,"featured_media":0,"parent":0,"menu_order":0,"comment_status":"closed","ping_status":"closed","template":"","meta":{"footnotes":""},"class_list":["post-1623","page","type-page","status-publish","hentry"],"_links":{"self":[{"href":"https:\/\/funatura.org.br\/conservacerrado\/wp-json\/wp\/v2\/pages\/1623","targetHints":{"allow":["GET"]}}],"collection":[{"href":"https:\/\/funatura.org.br\/conservacerrado\/wp-json\/wp\/v2\/pages"}],"about":[{"href":"https:\/\/funatura.org.br\/conservacerrado\/wp-json\/wp\/v2\/types\/page"}],"author":[{"embeddable":true,"href":"https:\/\/funatura.org.br\/conservacerrado\/wp-json\/wp\/v2\/users\/1"}],"replies":[{"embeddable":true,"href":"https:\/\/funatura.org.br\/conservacerrado\/wp-json\/wp\/v2\/comments?post=1623"}],"version-history":[{"count":24,"href":"https:\/\/funatura.org.br\/conservacerrado\/wp-json\/wp\/v2\/pages\/1623\/revisions"}],"predecessor-version":[{"id":2109,"href":"https:\/\/funatura.org.br\/conservacerrado\/wp-json\/wp\/v2\/pages\/1623\/revisions\/2109"}],"wp:attachment":[{"href":"https:\/\/funatura.org.br\/conservacerrado\/wp-json\/wp\/v2\/media?parent=1623"}],"curies":[{"name":"wp","href":"https:\/\/api.w.org\/{rel}","templated":true}]}}